pose 7785 = 29*x - 6164. What is the remainder when x is divided by 43?
8
Let v be 2/5 + (-6888)/(-30). Let h = v + -82. Suppose 4*w = -0*w - 4*z + h, -5*z + 153 = 4*w. What is the remainder when 126 is divided by w?
30
Suppose 5*x + 5*t - 360 = 0, t = -3*x + 6*x - 212. Calculate the remainder when 97 is divided by x.
26
Let w(u) = -u**3 - 5*u**2 - 4*u. Let n be w(-2). Calculate the remainder when 2/((n/130)/((-231)/105)) is divided by 21.
17
Suppose 7 = -2*q - 37. Let f = q + 33. Calculate the remainder when f is divided by ((-20)/(-10))/(2/5).
1
Let c = 11 - -25. Calculate the remainder when 70 is divided by c.
34
Suppose -10*l + 0*l = -20. Suppose l*w + 49 = 107. Calculate the remainder when w is divided by (0 - -1)*(0 + 6).
5
Suppose -2*a + 3159 = -n, -1080 = 6*a - n - 10547. Calculate the remainder when a is divided by 20.
17
Suppose 4*p = 20, 0*s - 5*p + 100 = 5*s. Suppose -5*x + s = -2*x. Calculate the remainder when 89 is divided by x.
4
Let h(m) = 117*m - 34. What is the remainder when h(2) is divided by 5?
0
Let p(l) = l**3 + 8*l**2 - l + 2357. What is the remainder when p(0) is divided by 1172?
13
Let h = 366 - -288. Let l = 731 - h. What is the remainder when l is divided by 6?
5
Let x(o) = 8*o**3 - 2*o**2 - 22*o + 61. What is the remainder when x(2) is divided by 19?
16
Suppose -j = -4*f + 613, -4*f - 5*j + 631 = -0*f. Calculate the remainder when f is divided by 20.
14
Let b(k) = 2*k**3 - 9*k**2 + 83*k - 229. What is the remainder when b(8) is divided by 219?
7
Let w = 8766 - 7259. What is the remainder when w is divided by 27?
22
Let w be (32/(-112))/(1/(-7)). Suppose -u + 11 = -4*g, w*u + 2*g + 5 = 37. What is the remainder when 28 is divided by u?
13
Let v(j) = -j - 8. Let w be v(-11). Suppose -w*d - 6 = -18. Calculate the remainder when (10/(-65))/(4/(-13))*16 is divided by d.
0
Let x(f) = f + 14. Let l be x(2). Suppose -l*z = 3*z - 1311. Suppose 2*q = -v + 24, 4*v + 0*q = -4*q + 84. Calculate the remainder when z is divided by v.
15
Let i(k) = 3*k + 62. Let x be i(-16). Suppose -21*j + 119 = x. Calculate the remainder when 8 is divided by j.
3
Let u(p) = -6*p**2 + 8*p + 2*p**2 - 1 + 5*p**2 + 20. Let q be u(-6). Let v(a) = 7*a - 38. What is the remainder when 31 is divided by v(q)?
9
Calculate the remainder when (-9 + 0 - -8)*-139 is divided by 59.
21
Suppose -44 - 65 = -q. Suppose r + 4 = 8. Suppose -g + 140 = r*g. Calculate the remainder when q is divided by g.
25
Suppose -40 = -5*j - 4*x, -3*x = -j + 2*x + 8. What is the remainder when 16 is divided by j*((-18)/4 + 6)?
4
Let d(i) = 16*i**2 - 49*i - 209. Let v be d(-4). Suppose 1106 = -v*l + 257*l. Calculate the remainder when l is divided by 29.
21
Let v(q) = -2*q**2 + 78*q + 24. What is the remainder when 188 is divided by v(38)?
88
Suppose 5 = 2*q - 5. Suppose -q*i + 116 = -i. Let b(d) = -2*d**3 + 177*d**2 - 489*d + 9. Calculate the remainder when b(3) is divided by i.
23
Let k(r) = -3*r**3 + 98*r**2 + 37*r - 111. Calculate the remainder when 10057 is divided by k(33).
19
Let t(m) = -m**3 - 6*m**2 + 9*m + 17. Let w be t(-7). Suppose 8 = -c + w*c. What is the remainder when 110 is divided by (-4 - 174/(-12))*c/3?
12
Let q be 1 + 16 - 9/3. Suppose 32*m - q = 25*m. What is the remainder when 9 is divided by m?
1
Suppose 0 - 1 = -2*m - f, 0 = -2*f + 10. Let w be (-1)/(-2) + 6/8*m. Calculate the remainder when 115 is divided by w/(-2*1/58).
28
Let q = 3819 + -1534. Calculate the remainder when q is divided by 26.
23
Suppose -1 = -5*k + 39. Suppose -138*c + 2447 = -7213. Calculate the remainder when c is divided by k.
6
Let c be ((-2)/(-4))/((-3)/(-540)). Suppose 10 = -r - 2*n + c, -350 = -4*r + 2*n. What is the remainder when r is divided by 45?
41
Suppose 54*a - 81*a - 665 = -62*a. Calculate the remainder when 417 is divided by a.
18
Let b(k) = 24*k**2 - 9*k + 35. What is the remainder when b(6) is divided by 50?
45
Let i = 13558 + -12631. What is the remainder when i is divided by 921?
6
Suppose -4*j + 21 = -3*y - 63, y = 5*j - 17. Calculate the remainder when 54 is divided by (2 + y)/((-3)/2).
14
Let z(m) = 25*m**2 - 275*m - 21. Calculate the remainder when 5574 is divided by z(12).
273
Let h be ((-2)/(-4))/(-2 + 639/318). Suppose -h = -4*r + 11. What is the remainder when 35 is divided by r?
3
Let q = 3608 + 4216. What is the remainder when q is divided by 14?
12
Let o(v) = 12*v**2 + v. Let q = -657 + 671. Suppose -l + 40 = -2*k, -5*l - 2*k + q = -150. Calculate the remainder when l is divided by o(1).
8
What is the remainder when 22403 is divided by ((4/(-2))/2)/(57/(-969))?
14
Suppose -3837*p = -3854*p + 185997. Calculate the remainder when p is divided by 76.
73
Let j(r) = 5*r**2 - 3*r + 9. Let s(t) = -14*t**2 + 10*t - 28. Let c = 9 + 8. Let x(l) = c*j(l) + 6*s(l). What is the remainder when x(7) is divided by 33?
31
Let j be (-7)/((-14)/(-8)) + (10 - 3). Suppose 6*a = a - 2*x + 142, 3*x = j. What is the remainder when 82 is divided by a?
26
What is the remainder when 38 is divided by (-21 - -15)*3 - -36?
2
Suppose -126 = 4*m - 2*c, -4*c = -m - 4*m - 153. Let n = 48 + m. What is the remainder when 59 is divided by n?
14
Let x = -162 - 98. Let k = x - -273. What is the remainder when ((-1)/(-2))/((-3)/(-132)) is divided by k?
9
Suppose 498 = -6*s + 1614. Suppose 0 = -2*j + 4*j - s. Let v = 39 + -7. Calculate the remainder when j is divided by v.
29
Suppose z + 2*y = 406, -1126 = -4*z + 5*y + 446. What is the remainder when z is divided by 4?
2
Let d = -2706 - -844. Calculate the remainder when d/(-35) - 4/20 is divided by 14.
11
Let w be (-2)/(-1 + (-132)/(-135)). Suppose 10*l - 12*l - w = 0. Let o = l - -65. Calculate the remainder when o is divided by 14.
6
Calculate the remainder when (-85414)/(-280) + 6/(-120) is divided by 150.
5
Suppose -31503 + 12597 = 23*m. Let z = -808 - m. Calculate the remainder when 461 is divided by z.
13
Let u(b) = -620*b + 4345. What is the remainder when 917 is divided by u(7)?
2
Let n be (1/3)/((-363)/90 + 4). Calculate the remainder when 207 is divided by (6/(-7))/((n + 8)/14).
3
Let v(j) = j - 4. Let g be v(8). Calculate the remainder when g/(-2)*(15 + -26 - 27) is divided by 29.
18
Let x(y) = -4*y - 4. Suppose 0 = -1902*v + 1822*v + 640. What is the remainder when x(-3) is divided by v?
0
Let r = 169 - 117. Let o = -17293 + 17304. What is the remainder when r is divided by o?
8
Suppose -3*x = -0*s + 3*s - 39, -2*s = -5*x + 51. Suppose x*o - 74 = 6*o + h, 0 = 2*o - 3*h - 27. What is the remainder when 32 is divided by o?
2
Suppose 0 = -3*w - 2*v - 8 + 909, -2*v + 1202 = 4*w. Let o = -259 + w. Calculate the remainder when o is divided by 22.
20
Let k(u) = 6*u**2 + 4*u + 10. Suppose -5*y + 171 = -3*w, -1 - 2 = -w. Calculate the remainder when k(6) is divided by y.
34
Let t(d) = -20*d - 11. Let h be t(-5). Let c(p) = -p**2 + 8*p - 7. Let y be c(6). Suppose h = m - y. What is the remainder when m is divided by 32?
30
Let p = -264 + 483. Let k = p - 27. Calculate the remainder when k is divided by 61.
9
Let l be ((-4)/3)/(12/(-18)). Suppose -5*x - l*b = -4, 5*x + 2*b - 10 = -3*b. Calculate the remainder when 13 is divided by (x - -1) + (-16)/(-8 - -4).
3
Suppose 13*p - 47 - 31 = 0. What is the remainder when (65 - 0/3) + 2 is divided by 1*(212/p - (-20)/(-60))?
32
Let a(q) = -3*q**2 + 16*q - 9. Let j be a(7). What is the remainder when (j/110)/((-2)/140) is divided by 6?
4
Let p = -1386 + 1393. Calculate the remainder when 53 is divided by p.
4
Let g(n) = n**3 - 65*n**2 + 185*n + 80. Calculate the remainder when 374 is divided by g(62).
14
Suppose -21*d - 75 = -36*d. Suppose -d*z - 144 = -p, z - 153 = -4*p + 360. What is the remainder when p is divided by 10?
9
Suppose 3*i = 37*m - 33*m + 9499, -4*m + 15757 = 5*i. What is the remainder when i is divided by 9?
7
Let c(x) = -3*x + 6. Let d be c(1). Suppose h + d*h = 624. Let l(k) = k**3 + 7*k**2 - k - 2. Calculate the remainder when h is divided by l(-6).
36
Suppose i - 624 = -2*b, 49*i - 5*b + 1253 = 51*i. Calculate the remainder when i is divided by 160.
134
Let s = -174 + 342. Suppose y + 145 = s. What is the remainder when y is divided by 6?
5
Let m = -4593 - -4714. What is the remainder when 2659 is divided by m?
118
Suppose 0 = 104*j - 7354 + 3714. Suppose 4*a + 10 = 3*a. Let h = 